git of 15616?
6
What is the tens digit of 120?
2
What is the hundreds digit of 527?
5
What is the tens digit of 8284?
8
What is the hundreds digit of 66157?
1
What is the ten thousands digit of 11388?
1
What is the hundreds digit of 7796?
7
What is the tens digit of 50?
5
What is the units digit of 17979?
9
What is the hundreds digit of 59006?
0
What is the units digit of 41000?
0
What is the hundreds digit of 76848?
8
What is the tens digit of 7491?
9
What is the tens digit of 968?
6
What is the ten thousands digit of 28850?
2
What is the tens digit of 14856?
5
What is the tens digit of 18387?
8
What is the units digit of 3314?
4
What is the hundreds digit of 945?
9
What is the ten thousands digit of 38573?
3
What is the units digit of 9701?
1
What is the hundreds digit of 1781?
7
What is the thousands digit of 11932?
1
What is the thousands digit of 2918?
2
What is the thousands digit of 36810?
6
What is the units digit of 1261?
1
What is the tens digit of 2008?
0
What is the hundreds digit of 46551?
5
What is the hundreds digit of 15208?
2
What is the hundreds digit of 18683?
6
What is the units digit of 590?
0
What is the ten thousands digit of 50852?
5
What is the units digit of 9857?
7
What is the units digit of 47049?
9
What is the ten thousands digit of 23491?
2
What is the thousands digit of 4684?
4
What is the tens digit of 935?
3
What is the tens digit of 53244?
4
What is the units digit of 5?
5
What is the hundreds digit of 96358?
3
What is the units digit of 1936?
6
What is the thousands digit of 1189?
1
What is the thousands digit of 43302?
3
What is the units digit of 7649?
9
What is the thousands digit of 40521?
0
What is the thousands digit of 2720?
2
What is the units digit of 575?
5
What is the units digit of 2353?
3
What is the units digit of 357?
7
What is the tens digit of 9008?
0
What is the ten thousands digit of 28814?
2
What is the units digit of 12244?
4
What is the hundreds digit of 3201?
2
What is the tens digit of 1542?
4
What is the units digit of 254?
4
What is the tens digit of 2175?
7
What is the thousands digit of 11611?
1
What is the hundreds digit of 10097?
0
What is the hundreds digit of 126733?
7
What is the tens digit of 119508?
0
What is the hundreds digit of 293?
2
What is the tens digit of 60320?
2
What is the ten thousands digit of 22677?
2
What is the units digit of 42873?
3
What is the units digit of 10235?
5
What is the thousands digit of 3940?
3
What is the units digit of 93242?
2
What is the hundreds digit of 34226?
2
What is the tens digit of 839?
3
What is the thousands digit of 108747?
8
What is the units digit of 63675?
5
What is the tens digit of 59648?
4
What is the thousands digit of 5078?
5
What is the tens digit of 57?
5
What is the thousands digit of 12402?
2
What is the units digit of 2041?
1
What is the tens digit of 558?
5
What is the units digit of 94198?
8
What is the thousands digit of 1027?
1
What is the hundreds digit of 46560?
5
What is the units digit of 1766?
6
What is the hundreds digit of 72796?
7
What is the hundreds digit of 84257?
2
What is the units digit of 718?
8
What is the thousands digit of 1203?
1
What is the tens digit of 947?
4
What is the thousands digit of 2266?
2
What is the units digit of 1146?
6
What is the tens digit of 73?
7
What is the tens digit of 14688?
8
What is the hundreds digit of 474?
4
What is the hundreds digit of 124?
1
What is the ten thousands digit of 15252?
1
What is the hundreds digit of 545?
5
What is the hundreds digit of 4910?
9
What is the units digit of 5812?
2
What is the thousands digit of 1735?
1
What is the units digit of 1234?
4
What is the thousands digit of 42019?
2
What is the tens digit of 1600?
0
What is the tens digit of 8743?
4
What is the units digit of 610?
0
What is the units digit of 13902?
2
What is the tens digit of 267?
6
What is the tens digit of 9783?
8
What is the units digit of 2270?
0
What is the hundreds digit of 923?
9
What is the units digit of 543?
3
What is the tens digit of 5277?
7
What is the units digit of 1840?
0
What is the units digit of 18054?
4
What is the ten thousands digit of 24378?
2
What is the hundreds digit of 13613?
6
What is the units digit of 400?
0
What is the ten thousands digit of 35671?
3
What is the hundreds digit of 648?
6
What is the units digit of 1502?
2
What is the tens digit of 113627?
2
What is the units digit of 47706?
6
What is the hundreds digit of 3594?
5
What is the thousands digit of 29080?
9
What is the thousands digit of 16370?
6
What is the tens digit of 56?
5
What is the thousands digit of 2233?
2
What is the ten thousands digit of 102031?
0
What is the hundreds digit of 856?
8
What is the tens digit of 688?
8
What is the hundreds digit of 1391?
3
What is the tens digit of 19334?
3
What is the hundreds digit of 10662?
6
What is the hundreds digit of 77565?
5
What is the tens digit of 3984?
8
What is the ten thousands digit of 64439?
6
What is the hundreds digit of 430?
4
What is the thousands digit of 18507?
8
What is the hundreds digit of 7630?
6
What is the hundreds digit of 4256?
2
What is the units digit of 1156?
6
What is the hundreds digit of 12990?
9
What is the hundreds digit of 4148?
1
What is the hundreds digit of 26675?
6
What is the hundreds digit of 56138?
1
What is the ten thousands digit of 32683?
3
What is the thousands digit of 2080?
2
What is the thousands digit of 180353?
0
What is the tens digit of 1075?
7
What is the tens digit of 43?
4
What is the tens digit of 1070?
7
What is the units digit of 104591?
1
What is the tens digit of 635?
3
What is the tens digit of 17451?
5
What is the ten thousands digit of 27154?
2
What is the thousands digit of 1105?
1
What is the units digit of 3959?
9
What is the units digit of 768?
8
What is the hundreds digit of 892?
8
What is the thousands digit of 19711?
9
What is the hundreds digit of 4355?
3
What is the ten thousands digit of 13035?
1
What is the units digit of 1743?
3
What is the tens digit of 2694?
9
What is the units digit of 12587?
7
What is the hundreds digit of 69564?
5
What is the thousands digit of 5073?
5
What is the tens digit of 2468?
6
What is the tens digit of 17298?
9
What is the hundreds digit of 9767?
7
What is the hundreds digit of 243?
2
What is the hundreds digit of 6661?
6
What is the tens digit of 605?
0
What is the units digit of 621?
1
What is the thousands digit of 1122?
1
What is the ten thousands digit of 15188?
1
What is the thousands digit of 9053?
9
What is the units digit of 149?
9
What is the hundreds digit of 506?
5
What is the thousands digit of 1202?
1
What is the tens digit of 5200?
0
What is the units digit of 2994?
4
What is the tens digit of 900?
0
What is the units digit of 1670?
0
What is the hundreds digit of 7404?
4
What is the ten thousands digit of 136387?
3
What is the thousands digit of 8189?
8
What is the ten thousands digit of 33154?
3
What is the units digit of 4509?
9
What is the units digit of 693?
3
What is the thousands digit of 56746?
6
What is the tens digit of 8701?
0
What is the thousands digit of 43876?
3
What is the ten thousands digit of 10265?
1
What is the hundreds digit of 365?
3
What is the tens digit of 10823?
2
What is the tens digit of 7517?
1
What is the hundreds digit of 937?
9
What is the units digit of 2775?
5
What is the hundreds digit of 3312?
3
What is the units digit of 108429?
9
What is the thousands digit of 1980?
1
What is the ten thousands digit of 61786?
6
What is the units digit of 9116?
6
What is the tens digit of 2410?
1
What is the ten thousands digit of 104010?
0
What is the hundreds digit of 390?
3
What is the tens digit of 30506?
0
What is the tens digit of 870?
7
What is the units digit of 2844?
4
What is the thousands digit of 3219?
3
What is the tens digit of 81902?
0
What is the units digit of 4406?
6
What is the hundreds digit of 1244?
2
What is the units digit of 25439?
9
What is the thousands digit of 10132?
0
What is the units digit of 2967?
7
What is the thousands digit of 1340?
1
What is the thousands digit of 9613?
9
What is the tens digit of 46945?
4
What is the thousands digit of 7933?
7
What is the hundreds digit of 2903?
9
What is the thousands digit of 4476?
4
What is the units digit of 28504?
4